{"id":1227,"date":"2023-10-25T08:47:33","date_gmt":"2023-10-25T08:47:33","guid":{"rendered":"https:\/\/amanita.fi\/amanita\/?post_type=product&#038;p=1227"},"modified":"2023-10-25T08:48:03","modified_gmt":"2023-10-25T08:48:03","slug":"tuli-iskuja","status":"publish","type":"product","link":"https:\/\/amanita.fi\/amanita\/tuote\/tuli-iskuja\/","title":{"rendered":"Tuli-Iskuja"},"content":{"rendered":"<p><strong>Riku Kauhanen johdattaa lukijan tykkien ja tykist\u00f6n varhaisvaiheista ensimm\u00e4iseen maailmansotaan, Suomen sis\u00e4llissotaan ja aikaan, jolloin tykist\u00f6aselaji\u00a0 luotiin Suomen Puolustusvoimiin. Maamme oloihin soveltuvan tykist\u00f6strategian luominen sek\u00e4 aselajin monipuolinen kehitt\u00e4minen osoittautuivat elint\u00e4rkeiksi, kun Suomi talvella 1939\u201340 joutui puolustautumaan materiaalisesti ylivoimaista vihollista vastaan.<\/strong><\/p>\n<p><strong>Kirjan toisessa osassa Riku Kauhanen kertoo kentt\u00e4\u00adtykist\u00f6n talvisodasta rintama-alueittain. Tykist\u00f6 toimi varsin hajautetusti, joten painotus on sodan merkitt\u00e4vimmiss\u00e4 tapahtumissa.\u00a0<\/strong><\/p>\n<p><strong>Olli Kleemola paneutuu jatkosodan kolmen p\u00e4\u00e4\u00adrintamasuunnan \u2013 Karjalankannaksen, Laatokan Karjalan ja It\u00e4-Karjalan \u2013 keskeisiin taisteluihin. Kleemola k\u00e4sittelee artikkelissaan my\u00f6s v\u00e4lirauhan aikaista kehityst\u00e4, tykist\u00f6n el\u00e4m\u00e4\u00e4 pitk\u00e4n asemasotavaiheen aikana sek\u00e4 tykist\u00f6n toimintaa Lapin sodassa.<\/strong><\/p>\n<p><strong>Tietokirjailija Hanna Pukkila-Toivonen kertoo kirjan nelj\u00e4nness\u00e4 osassa suurista muutoksista, joita kentt\u00e4tykist\u00f6 on viimeisten yli puolen vuosisadan aikana k\u00e4ynyt l\u00e4pi. Sopeutumista ovat vaatineet niin asevelvollisten m\u00e4\u00e4r\u00e4n hurja kasvu kuin romahdus, upseeripula, talouslama sek\u00e4 jatkuva tekninen kehitys ja merkitt\u00e4v\u00e4t kalustohankinnat.\u00a0<\/strong><\/p>\n<p>Mitat 250 x 300 mm, 496 sivua, noin 340 kuvaa<\/p>\n<p>Artikkelit Riku Kauhanen, Olli Kleemola, Hanna Pukkila-Toivonen<\/p>\n<p>Nahkaselk\u00e4 pintein, kaksi lukunauhaa<\/p>\n<p>Kultafoliointi sel\u00e4ss\u00e4 sek\u00e4 etu- ja takakannessa<\/p>\n<p>Painettu Porvoossa suomalaiselle paperille<\/p>\n<p>isbn 978-952-7319-02-4<\/p>\n<p><strong>LOPPUUNMYYTY<\/strong><\/p>\n","protected":false},"excerpt":{"rendered":"<h3 class=\"wp-block-heading\">Tuli-iskuja \u2013 Suomen kentt\u00e4tykist\u00f6n tarina<\/h3>\n<p><em><strong>Teos on suuri kokonaisesitys suomalaisen kentt\u00e4tykist\u00f6n kehityksest\u00e4 aina aselajin synnyst\u00e4 2020-luvulle. Erityisesti teoksessa painottuu tykist\u00f6n merkitys sodissa vuosina 1918, 1939 ja 1941\u201345.<\/strong><\/em><\/p>\n<div class=\"wp-block-image\"><strong>Esimerkiksi It\u00e4-Ukrainan sota on 2010-luvulla osoittanut, ett\u00e4 informaatio\u00adaikakaudella taistellaan yh\u00e4 my\u00f6s perinteiseen tapaan. Suomella on nyt l\u00e4ntisen Euroopan suurin tykist\u00f6: tuhat kentt\u00e4tykki\u00e4. Maavoimien komentaja, kenraaliluutnantti Petri Hulkko arvioi helmikuussa 2020, ett\u00e4 Maavoimat on itsen\u00e4isyytemme ajan parhaassa kunnossa.<\/strong><\/div>\n","protected":false},"featured_media":939,"template":"","meta":[],"product_brand":[],"product_cat":[23],"product_tag":[],"class_list":{"0":"post-1227","1":"product","2":"type-product","3":"status-publish","4":"has-post-thumbnail","6":"product_cat-yleinen","8":"first","9":"outofstock","10":"taxable","11":"shipping-taxable","12":"purchasable","13":"product-type-simple"},"_links":{"self":[{"href":"https:\/\/amanita.fi\/amanita\/wp-json\/wp\/v2\/product\/1227","targetHints":{"allow":["GET"]}}],"collection":[{"href":"https:\/\/amanita.fi\/amanita\/wp-json\/wp\/v2\/product"}],"about":[{"href":"https:\/\/amanita.fi\/amanita\/wp-json\/wp\/v2\/types\/product"}],"wp:featuredmedia":[{"embeddable":true,"href":"https:\/\/amanita.fi\/amanita\/wp-json\/wp\/v2\/media\/939"}],"wp:attachment":[{"href":"https:\/\/amanita.fi\/amanita\/wp-json\/wp\/v2\/media?parent=1227"}],"wp:term":[{"taxonomy":"product_brand","embeddable":true,"href":"https:\/\/amanita.fi\/amanita\/wp-json\/wp\/v2\/product_brand?post=1227"},{"taxonomy":"product_cat","embeddable":true,"href":"https:\/\/amanita.fi\/amanita\/wp-json\/wp\/v2\/product_cat?post=1227"},{"taxonomy":"product_tag","embeddable":true,"href":"https:\/\/amanita.fi\/amanita\/wp-json\/wp\/v2\/product_tag?post=1227"}],"curies":[{"name":"wp","href":"https:\/\/api.w.org\/{rel}","templated":true}]}}

<p><strong>Riku Kauhanen johdattaa lukijan tykkien ja tykistön varhaisvaiheista ensimmäiseen maailmansotaan, Suomen sisällissotaan ja aikaan, jolloin tykistöaselaji  luotiin Suomen Puolustusvoimiin. Maamme oloihin soveltuvan tykistöstrategian luominen sekä aselajin monipuolinen kehittäminen osoittautuivat elintärkeiksi, kun Suomi talvella 1939–40 joutui puolustautumaan materiaalisesti ylivoimaista vihollista vastaan.</strong></p>
<p><strong>Kirjan toisessa osassa Riku Kauhanen kertoo kenttä­tykistön talvisodasta rintama-alueittain. Tykistö toimi varsin hajautetusti, joten painotus on sodan merkittävimmissä tapahtumissa. </strong></p>
<p><strong>Olli Kleemola paneutuu jatkosodan kolmen pää­rintamasuunnan – Karjalankannaksen, Laatokan Karjalan ja Itä-Karjalan – keskeisiin taisteluihin. Kleemola käsittelee artikkelissaan myös välirauhan aikaista kehitystä, tykistön elämää pitkän asemasotavaiheen aikana sekä tykistön toimintaa Lapin sodassa.</strong></p>
<p><strong>Tietokirjailija Hanna Pukkila-Toivonen kertoo kirjan neljännessä osassa suurista muutoksista, joita kenttätykistö on viimeisten yli puolen vuosisadan aikana käynyt läpi. Sopeutumista ovat vaatineet niin asevelvollisten määrän hurja kasvu kuin romahdus, upseeripula, talouslama sekä jatkuva tekninen kehitys ja merkittävät kalustohankinnat. </strong></p>
<p>Mitat 250 x 300 mm, 496 sivua, noin 340 kuvaa</p>
<p>Artikkelit Riku Kauhanen, Olli Kleemola, Hanna Pukkila-Toivonen</p>
<p>Nahkaselkä pintein, kaksi lukunauhaa</p>
<p>Kultafoliointi selässä sekä etu- ja takakannessa</p>
<p>Painettu Porvoossa suomalaiselle paperille</p>
<p>isbn 978-952-7319-02-4</p>
<p><strong>LOPPUUNMYYTY</strong></p>

<h3 class="wp-block-heading">Tuli-iskuja – Suomen kenttätykistön tarina</h3>
<p><em><strong>Teos on suuri kokonaisesitys suomalaisen kenttätykistön kehityksestä aina aselajin synnystä 2020-luvulle. Erityisesti teoksessa painottuu tykistön merkitys sodissa vuosina 1918, 1939 ja 1941–45.</strong></em></p>
<div class="wp-block-image"><strong>Esimerkiksi Itä-Ukrainan sota on 2010-luvulla osoittanut, että informaatio­aikakaudella taistellaan yhä myös perinteiseen tapaan. Suomella on nyt läntisen Euroopan suurin tykistö: tuhat kenttätykkiä. Maavoimien komentaja, kenraaliluutnantti Petri Hulkko arvioi helmikuussa 2020, että Maavoimat on itsenäisyytemme ajan parhaassa kunnossa.</strong></div>
