{"id":1228,"date":"2023-10-25T08:49:31","date_gmt":"2023-10-25T08:49:31","guid":{"rendered":"https:\/\/amanita.fi\/amanita\/?post_type=product&#038;p=1228"},"modified":"2023-10-25T08:49:31","modified_gmt":"2023-10-25T08:49:31","slug":"evakkotaival-karjalan-siirtovaen-tarina","status":"publish","type":"product","link":"https:\/\/amanita.fi\/amanita\/tuote\/evakkotaival-karjalan-siirtovaen-tarina\/","title":{"rendered":"Evakkotaival \u2013 Karjalan siirtov\u00e4en tarina"},"content":{"rendered":"<h4 class=\"wp-block-heading\"><strong>Suomi menetti Karjalan\u00a0mutta ei karjalaisuutta<\/strong><\/h4>\n<p>Teos muistuttaa, kuinka ratkaisevaa oli karjalaisten oma-aloitteisuus ja aktiivisuus.<\/p>\n<p>Karjalan Liitto, joka perustettiin vuonna 1940 siirtov\u00e4en edunvalvontaj\u00e4rjest\u00f6ksi,\u00a0 on kehittynyt suureksi kulttuuri- ja harrastusj\u00e4rjest\u00f6ksi.<\/p>\n<p><strong>Karjalan Liiton puheenjohtaja Pertti Hakanen<\/strong>\u00a0kertoo teoksessa j\u00e4rjest\u00f6n merkityksest\u00e4 sek\u00e4 monipuolisesta toiminnasta. Karjalaisuus ei sotien j\u00e4lkeen kuihtunut, vaan on mittaamattomasti rikastuttanut suomalaista kulttuuria.<\/p>\n<p><strong>Tietokirjailijat Sari Savikko ja Hanna Pukkila-Toivonen<\/strong>\u00a0esittelev\u00e4t kirjassa kaikki Karjalan kunnat, jotka jatkosodan rauhanteon j\u00e4lkeen jouduttiin luovuttamaan Neuvostoliitolle kokonaan tai niin suurelta osin, ett\u00e4 ne lakkautettiin.<\/p>\n<p>Rajan taakse j\u00e4i kymmeni\u00e4 virkeit\u00e4 pit\u00e4ji\u00e4, kaksi kehittyv\u00e4\u00e4 kauppalaa sek\u00e4 kolme kaupunkia, joilla oli rikas historia ja lupaava tulevaisuus.<\/p>\n<p>Paljon k\u00e4rsineet ja uhranneet karjalaiset eiv\u00e4t vaipuneet katkeruuteen eiv\u00e4tk\u00e4 toimettomuuteen, vaan olivat eturintamassa rakentamassa sotien j\u00e4lkeist\u00e4 Suomea.<\/p>\n<p><strong>Arvoteos kest\u00e4\u00e4 sukupolvelta toiselle. Laaja ja runsaasti kuvitettu suurteos kertoo j\u00e4lkipolville, millainen oli Karjalan maa, mit\u00e4 karjalaiset sotavuosina kokivat\u00a0<\/strong><strong>ja kuinka evakuoinnit ja asuttaminen toteutettiin.<\/strong><\/p>\n<p>Mitat 250 x 300 mm, 496 sivua, yli 360 kuvaa<\/p>\n<p>Tekstit Keijo K. Kulha, Laila Hirvisaari, Pertti Hakanen, Sari Savikko, Hanna Pukkila-Toivonen<\/p>\n<p>Suuri henkil\u00f6- ja paikannimihakemisto<\/p>\n<p>Nahkaselk\u00e4 pintein, kaksi lukunauhaa<\/p>\n<p>Painettu Porvoossa suomalaiselle paperille<\/p>\n<p>Lataa esite\u00a0<a href=\"http:\/\/amanita.fi\/amanita\/wp-content\/uploads\/2019\/03\/Evakkotaival_Esite.pdf\">t\u00e4st\u00e4<\/a><\/p>\n<p><strong><em>Rajoitettu, numeroitu painos \u2013 vain 1939 kappaletta<\/em><\/strong><\/p>\n<p><strong>LOPPUUNMYYTY<\/strong><\/p>\n","protected":false},"excerpt":{"rendered":"<p class=\"has-medium-font-size\"><em>80 vuotta ensimm\u00e4isest\u00e4 evakkotaipaleesta \u2013 496 sivua tietoa ja yli 360 koskettavaa kuvaa isien mailta, evakkotielt\u00e4 ja uusilta asuinsijoilta<\/em><\/p>\n<h4 class=\"wp-block-heading\"><strong>Suuri suomalainen ihmeteko<\/strong><\/h4>\n<p>Sadattuhannet suomalaiset joutuivat pakenemaan sotaa vuosina 1939\u201444, monet kahdesti.\u00a0 On mahdotonta kuvitella h\u00e4t\u00e4\u00e4 ja surua, jota evakkotaipaleella tunnettiin.<\/p>\n<p><strong>Kirjailija Laila Hirvisaari\u00a0<\/strong>kertoo kirjassa l\u00e4hd\u00f6st\u00e4\u00e4n kuusivuotiaana sotaorpona evakkoon. H\u00e4nen tarinansa muistuttaa, kuinka laaja oli evakkokokemusten kirjo: pelkoa, turvaa, halveksuntaa, my\u00f6t\u00e4tuntoa, toivoa, ep\u00e4toivoa.<\/p>\n<p>Raskaiden rauhantekojen j\u00e4lkeen noin 404 000 karjalaista asutettiin sotien koettelemaan ja k\u00f6yhdytt\u00e4m\u00e4\u00e4n maahan, josta oli lohkaistu noin kymmenosa.<\/p>\n<p><strong>Historiantutkija, ft Keijo K. Kulha<\/strong>\u00a0selvitt\u00e4\u00e4 kattavasti, kuinka v\u00e4est\u00f6nsiirrot ja valtava asutusty\u00f6 toteutettiin ja miten l\u00e4hes mahdottomalta tuntuneessa teht\u00e4v\u00e4ss\u00e4 onnistuttiin.<\/p>\n","protected":false},"featured_media":865,"template":"","meta":[],"product_brand":[],"product_cat":[23],"product_tag":[],"class_list":{"0":"post-1228","1":"product","2":"type-product","3":"status-publish","4":"has-post-thumbnail","6":"product_cat-yleinen","8":"first","9":"outofstock","10":"taxable","11":"shipping-taxable","12":"purchasable","13":"product-type-simple"},"_links":{"self":[{"href":"https:\/\/amanita.fi\/amanita\/wp-json\/wp\/v2\/product\/1228","targetHints":{"allow":["GET"]}}],"collection":[{"href":"https:\/\/amanita.fi\/amanita\/wp-json\/wp\/v2\/product"}],"about":[{"href":"https:\/\/amanita.fi\/amanita\/wp-json\/wp\/v2\/types\/product"}],"wp:featuredmedia":[{"embeddable":true,"href":"https:\/\/amanita.fi\/amanita\/wp-json\/wp\/v2\/media\/865"}],"wp:attachment":[{"href":"https:\/\/amanita.fi\/amanita\/wp-json\/wp\/v2\/media?parent=1228"}],"wp:term":[{"taxonomy":"product_brand","embeddable":true,"href":"https:\/\/amanita.fi\/amanita\/wp-json\/wp\/v2\/product_brand?post=1228"},{"taxonomy":"product_cat","embeddable":true,"href":"https:\/\/amanita.fi\/amanita\/wp-json\/wp\/v2\/product_cat?post=1228"},{"taxonomy":"product_tag","embeddable":true,"href":"https:\/\/amanita.fi\/amanita\/wp-json\/wp\/v2\/product_tag?post=1228"}],"curies":[{"name":"wp","href":"https:\/\/api.w.org\/{rel}","templated":true}]}}

Evakkotaival – Karjalan siirtoväen tarina

<h4 class="wp-block-heading"><strong>Suomi menetti Karjalan mutta ei karjalaisuutta</strong></h4>
<p>Teos muistuttaa, kuinka ratkaisevaa oli karjalaisten oma-aloitteisuus ja aktiivisuus.</p>
<p>Karjalan Liitto, joka perustettiin vuonna 1940 siirtoväen edunvalvontajärjestöksi,  on kehittynyt suureksi kulttuuri- ja harrastusjärjestöksi.</p>
<p><strong>Karjalan Liiton puheenjohtaja Pertti Hakanen</strong> kertoo teoksessa järjestön merkityksestä sekä monipuolisesta toiminnasta. Karjalaisuus ei sotien jälkeen kuihtunut, vaan on mittaamattomasti rikastuttanut suomalaista kulttuuria.</p>
<p><strong>Tietokirjailijat Sari Savikko ja Hanna Pukkila-Toivonen</strong> esittelevät kirjassa kaikki Karjalan kunnat, jotka jatkosodan rauhanteon jälkeen jouduttiin luovuttamaan Neuvostoliitolle kokonaan tai niin suurelta osin, että ne lakkautettiin.</p>
<p>Rajan taakse jäi kymmeniä virkeitä pitäjiä, kaksi kehittyvää kauppalaa sekä kolme kaupunkia, joilla oli rikas historia ja lupaava tulevaisuus.</p>
<p>Paljon kärsineet ja uhranneet karjalaiset eivät vaipuneet katkeruuteen eivätkä toimettomuuteen, vaan olivat eturintamassa rakentamassa sotien jälkeistä Suomea.</p>
<p><strong>Arvoteos kestää sukupolvelta toiselle. Laaja ja runsaasti kuvitettu suurteos kertoo jälkipolville, millainen oli Karjalan maa, mitä karjalaiset sotavuosina kokivat </strong><strong>ja kuinka evakuoinnit ja asuttaminen toteutettiin.</strong></p>
<p>Mitat 250 x 300 mm, 496 sivua, yli 360 kuvaa</p>
<p>Tekstit Keijo K. Kulha, Laila Hirvisaari, Pertti Hakanen, Sari Savikko, Hanna Pukkila-Toivonen</p>
<p>Suuri henkilö- ja paikannimihakemisto</p>
<p>Nahkaselkä pintein, kaksi lukunauhaa</p>
<p>Painettu Porvoossa suomalaiselle paperille</p>
<p>Lataa esite <a href="http://amanita.fi/amanita/wp-content/uploads/2019/03/Evakkotaival_Esite.pdf">tästä</a></p>
<p><strong><em>Rajoitettu, numeroitu painos – vain 1939 kappaletta</em></strong></p>
<p><strong>LOPPUUNMYYTY</strong></p>

<p class="has-medium-font-size"><em>80 vuotta ensimmäisestä evakkotaipaleesta – 496 sivua tietoa ja yli 360 koskettavaa kuvaa isien mailta, evakkotieltä ja uusilta asuinsijoilta</em></p>
<h4 class="wp-block-heading"><strong>Suuri suomalainen ihmeteko</strong></h4>
<p>Sadattuhannet suomalaiset joutuivat pakenemaan sotaa vuosina 1939—44, monet kahdesti.  On mahdotonta kuvitella hätää ja surua, jota evakkotaipaleella tunnettiin.</p>
<p><strong>Kirjailija Laila Hirvisaari </strong>kertoo kirjassa lähdöstään kuusivuotiaana sotaorpona evakkoon. Hänen tarinansa muistuttaa, kuinka laaja oli evakkokokemusten kirjo: pelkoa, turvaa, halveksuntaa, myötätuntoa, toivoa, epätoivoa.</p>
<p>Raskaiden rauhantekojen jälkeen noin 404 000 karjalaista asutettiin sotien koettelemaan ja köyhdyttämään maahan, josta oli lohkaistu noin kymmenosa.</p>
<p><strong>Historiantutkija, ft Keijo K. Kulha</strong> selvittää kattavasti, kuinka väestönsiirrot ja valtava asutustyö toteutettiin ja miten lähes mahdottomalta tuntuneessa tehtävässä onnistuttiin.</p>
